 0. What is the tens digit of (4 - x/(-9))*-3?
5
Let x be 2/4 + 30/4. Suppose -x*m = -3*m. Suppose m = 2*n - a - 94, -4*n = -5*a - 72 - 122. What is the tens digit of n?
4
Let k = 133 + -130. Let m(g) be the third derivative of 7*g**4/24 - g**3/6 - g**2. What is the tens digit of m(k)?
2
Let j = 44 - 44. Suppose -4*c + 5*q = -775, 2*c - 5*c - 3*q + 561 = j. What is the units digit of c?
0
Suppose -3*k + 4990 = -3*m - 1391, -3*m = 15. What is the thousands digit of k?
2
What is the tens digit of 3132 - -72 - 8/(-1)?
1
Let h be -9 + 9 + 6/2. Let y(m) = -4 - 3*m - 3 + 2 + 4 - h*m**3 - 3*m**2. What is the units digit of y(-2)?
7
Suppose 0 = -3*w + 394 + 824. Let j = w - 243. What is the units digit of j?
3
Suppose 10*a + 16 = 46. Suppose -185 = -a*w + g, 5*g - 449 = -5*w - 154. What is the units digit of w?
1
Suppose -2*q + l + 0 = -10, 25 = 5*q + l. Suppose 3*n + 64 = -4*s, q*n + 0*n + s = -135. Let y = 19 - n. What is the tens digit of y?
4
Suppose 3*x - 91 - 27 = 2*g, 4*x - 124 = -4*g. Suppose q - 3*w - x = 0, 29 = -2*q - 4*w + 101. What is the units digit of q?
6
Suppose 0 = 135*n - 138*n + 939. What is the hundreds digit of n?
3
Let o(i) = i**3 + 2*i**2 - i - 1. Let c be o(-3). Let t be 1 + -3 - (c - -3). Suppose 4*u = 4*q - 24, 2*q = 3*u + t*u. What is the tens digit of q?
1
Let n(p) = -2*p**2 + 2*p + 966. What is the tens digit of n(0)?
6
Suppose -g = -3*v + 512, -5*v + 3*g = g - 853. Let c be v/(-36) - 3/(-4). Let h = c - -7. What is the units digit of h?
3
Let i(w) = 23*w - 3. Suppose 2*d = -5*h + 14, 0 = -3*d + 2*d - 2*h + 7. Let o = -5 + d. What is the units digit of i(o)?
3
Suppose -3*n + 14 + 4 = 0. Suppose -643 = -n*g + 299. What is the hundreds digit of g?
1
What is the units digit of ((-8)/(-12))/(6/(-9)) + 1838?
7
Suppose -4*r - 6 = -r, -22 = -f + 5*r. Let n = 12 - f. Suppose -5*l + n*l = -50. What is the units digit of l?
0
Let h be ((-1)/3)/((-1)/3). Let x be h/(-3) - 38/(-6). Let j = x - 4. What is the units digit of j?
2
Suppose -52 = -o + 5. Suppose -73 = -4*n - o. What is the units digit of n?
4
Let g(v) = -v + 0*v**2 + 0*v**2 - 2*v**2 + 3*v**2 + 17. Let i = 5 - 5. What is the tens digit of g(i)?
1
Suppose -172 = -2*v - 3*m + 95, -m = 4*v - 529. Let w = 196 - v. What is the units digit of w?
4
Suppose 0 = -2*p + 1564 - 356. What is the hundreds digit of p?
6
Suppose 2649 = 4*s + p - 6*p, -4*s - 2*p = -2642. What is the hundreds digit of s?
6
Let a(u) = -u**3 + 4*u**2 + 4*u - 5. Suppose -o = -5*f - 20, 0 = -8*o + 4*o + 3*f + 29. Let v be a(o). What is the tens digit of ((-132)/v)/(-3)*-5?
2
Suppose m - k + 9 = 0, 4*m + 21 = -m - 3*k. Let n = -2 - m. Suppose -n*q - 3 = -31. What is the units digit of q?
7
What is the hundreds digit of 3780/(-3 + -6)*(-4)/3?
5
What is the hundreds digit of 52/(-6)*(-25 - 107)?
1
Let k(t) = 2*t**2 + 16*t - 41. What is the tens digit of k(-15)?
6
Let t = -73 + 77. Let q(n) = 24*n + 1. What is the tens digit of q(t)?
9
Let l(m) = -88*m - 100. What is the units digit of l(-7)?
6
Let c(w) = 729*w - 223. What is the tens digit of c(9)?
3
Suppose 0 = o - 3*u - 145, 2*u = -4*o + 3*u + 613. Suppose 14*r - 98 - o = 0. What is the units digit of r?
8
Let r be 5*-1*(-8 + 13 + -4). Let b(c) = -6 - 2*c - 4*c + 3 + c**2. What is the units digit of b(r)?
2
Let q = 1 - -1. Let l be -7*((-125)/35 + (-12)/(-21)). Suppose q*i = k - l, 3*k - 3*i + 8*i - 8 = 0. What is the tens digit of k?
1
Let z(k) = -3*k + 81*k**2 - 62*k**2 + 4*k - 1. What is the hundreds digit of z(3)?
1
Let p(h) = h + 3. Let i be p(-3). Suppose 5*k - 2*k - 9 = i. What is the units digit of 7 + k*(-1)/(-3)?
8
What is the tens digit of 0 - (-53650)/30 - (-4)/6?
8
Suppose -35 = 16*a - 17*a. What is the units digit of 3311/a + (-2)/(-5)?
5
Suppose -20 = -z - 14. Let r(y) = y**2 - 4*y + 14. What is the units digit of r(z)?
6
Let n(z) = 4*z + 1. Let m be n(-4). Let s(u) = u + 18. Let l be s(m). What is the tens digit of (2 - -37)/(l + -2)?
3
Suppose 0 = -4*w + 813 + 67. Suppose -6*x + x - 375 = -4*a, -2*a - 4*x + w = 0. What is the tens digit of a?
0
Suppose -9*q = 33*q - 63420. What is the units digit of q?
0
Suppose 5*v + 111 = 2*l + 36, 0 = -2*l - 4*v + 84. Suppose 5*f - l + 0 = -5*i, -3*i = -5*f - 8. What is the units digit of i?
6
Suppose -17 = 4*h + 19. What is the units digit of 5/(-15) - 705/h?
8
Let n(y) be the first derivative of -2*y**2 + 14*y - 1. What is the tens digit of n(-5)?
3
What is the units digit of -4 + (-8 + 3 - -117)?
8
Let k(g) = 19*g - 3. Let c(s) = 77*s - 13. Let t(f) = 2*c(f) - 9*k(f). What is the tens digit of t(-1)?
1
Let c = -137 + 194. Let k = -28 + c. Let g = k + -17. What is the tens digit of g?
1
Let m(q) = q**3 + 18*q**2 + 6*q - 19. Let b be m(-17). Let r be (2/(-6))/((-7)/b). Suppose r*l - 163 = -43. What is the tens digit of l?
1
Let f = 47 - 79. Let q = f - -29. What is the tens digit of (0 - -1)/(q/(-162))?
5
Suppose 2*z - 15*h = -12*h + 1035, 5*z - 2540 = -2*h. What is the units digit of z?
0
Let s be 173*(-4 + (-2)/6*-6). Let u = s + 496. What is the hundreds digit of u?
1
Let d(q) = -4*q**2 + 4*q + 10. Let r(a) = a**2 - a - 1. Let c(y) = -d(y) + 4*r(y). What is the hundreds digit of c(6)?
2
Let t = -17 + 19. What is the tens digit of (-2 + 45)*(t - 1)?
4
Suppose 0 = -4*v + 16, 7*s - 1452 = 2*s - 3*v. What is the tens digit of s?
8
Suppose b = -2*y + 9, 6 = 4*y + 3*b - 15. What is the units digit of (-2)/(3*y/(-387))?
6
Let d = 329 + -92. Let w = d + -139. What is the units digit of w?
8
Let q(y) = y**2 + 5*y - 6. Let k be q(-6). Suppose 4*w - 3*c + 38 = -7, k = -2*w - c - 15. What is the units digit of (2/(-10))/(w/45)?
1
Let n(u) = u**2 - 4*u - 6. Let q be n(5). Let k(z) = z**3 - z**2. Let t(m) = -14*m**3 + 5*m**2 + m. Let j(h) = 5*k(h) + t(h). What is the units digit of j(q)?
8
Suppose -11*k + 49 = -4*k. Let x = 37 - k. What is the tens digit of x?
3
Suppose -12 = -4*x + 4*k, -3*k = 5*x - 7*k - 15. Let j(p) = -3 - p + 1 + x + 13*p. What is the tens digit of j(2)?
2
What is the units digit of 0*((-8)/3 + 3) - -843?
3
Let h(m) = 35*m + 1. Let r be h(-2). Let d = r + 143. What is the units digit of d?
4
Let c be 3/(-6) - 31/2. Let y = -13 - c. Suppose y*l + 3 = 9. What is the units digit of l?
2
Let j = -25 + 527. What is the tens digit of j?
0
Let d be (-1 - (-4)/2)/((-28)/196). What is the hundreds digit of (-1392)/d + (-23)/(-161)?
1
What is the units digit of 628*(-32)/(-6 - 2)?
2
Suppose -43*y = -72074 - 51895. What is the hundreds digit of y?
8
Let t = -179 - -91. Let g = 28 - t. Suppose -5*y = 5*l - 3*l - g, -3*l = -9. What is the units digit of y?
2
Let o(k) = 20 - 5*k**2 + 4*k - 2*k + 14*k + k**3 - 13*k**2. Let t be o(17). Suppose l - 63 = -3*g - t*l, 5*l = 2*g - 65. What is the units digit of g?
5
Suppose -5*x + 21521 = 2*h, -4*h - 21527 = -6*h - 3*x. What is the units digit of h/80 + (-4)/(-10)?
5
Suppose 0*g + 2*g - 4*n - 372 = 0, 4*g = -3*n + 722. Suppose 5*m - 7*m + g = 0. What is the units digit of m?
1
Let y(j) = 8*j - 307. Let c be y(39). Let l(p) = 8*p - 1. Let x be l(4). Suppose 0 = -c*r + x - 11. What is the units digit of r?
4
Let o(p) = 4*p + 17. Let n be o(-7). Let i(t) = -t - 9. What is the units digit of i(n)?
2
Let x = -509 + 2933. What is the thousands digit of x?
2
Let f = -385 - -1761. What is the hundreds digit of f?
3
Let n(x) = x**2 + 11*x - 3. Let d be n(-11). What is the tens digit of d/(-1) - -30 - 2?
3
What is the units digit of ((-13)/3)/((-2)/126)?
3
Let g be -1 - 1 - 415/(-5). Suppose 4*w = -h + g, 5*h - 201 - 204 = -w. What is the tens digit of h?
8
Suppose 0 = 4*p + 20, -5*p - 50 = 5*g + 35. What is the tens digit of g/(28/12 - 3)?
1
Let r = 7 - 2. Suppose r*a = a + 8. Let u(f) = 5*f - 3. What is the units digit of u(a)?
7
Let q(n) = n**3 + n**2 - 4*n + 5. Let m be q(2). Let v(h) be the first derivative of 3*h**2/2 - h - 1. What is the tens digit of v(m)?
2
Suppose -5*d - 4*s = -4*d - 129, -149 = -d + s. What is the units digit of d?
5
Let w(g) = 11*g**2 - 2 - 2*g**2 - 2*g**2. Let r = 140 - 138. What is the tens digit of w(r)?
2
Let c(y) = 31*y + 67. What is the hundreds digit of c(6)?
2
Suppose -2*a - 5*d = 1189, 5*a - 4*a + 607 = -5*d. What is the tens digit of a/9*(3/(-2))/1?
9
Let h(u) = 462*u**2 + 17*u + 28. What is the hundreds digit of h(-2)?
8
Let x(k) = k